e
Let s(j) = j**3 + 7*j**2 + 6*j + 3. Let l be s(-6). Let c = 4 - l. Let k = 36 + c. Is k composite?
False
Let k(d) = 5*d**2 + 6*d - 4. Let o be 158/(-22) + 10/55. Is k(o) prime?
True
Let w = -1 - -2. Let g = w + 1. Suppose g*b = -4, 0*b = 5*o - 5*b - 105. Is o composite?
False
Let o = -61 - -53. Let h = 17 - 0. Let z = h - o. Is z a prime number?
False
Let j = -37 - 94. Suppose 564 = -3*b - 156. Let f = j - b. Is f a composite number?
False
Suppose -k + 5*k = 140. Is k a composite number?
True
Let j = -5 - -9. Let p be ((-15)/j)/5*-16. Is (-3)/p - 555/(-12) composite?
True
Suppose -k - 1 = 11. Let p(s) = s**3 + 12*s**2 - 3*s - 17. Is p(k) prime?
True
Suppose 0 = -w + 4 - 2. Let z = w + 12. Is z composite?
True
Suppose 32 = 2*p - p. Suppose 4*q = p + 164. Is q a composite number?
True
Suppose -8*a = -3*a - 595. Is a a prime number?
False
Let z be 0*4/8 + -7. Let d(p) = p**2 + 4*p - 10. Is d(z) prime?
True
Suppose -7 = -2*p + 3. Suppose p*d - 23 = 2*h + 76, 5*h + 48 = 2*d. Is d prime?
True
Let i(d) = d**2 - 9*d + 12. Let x be i(8). Suppose -2*q + 4*h = -3*q, -3*q = -x*h. Suppose -2*k + 4*k - 20 = q. Is k a composite number?
True
Suppose 0 = -5*r + 5*k + 5385, 3*r = k + 2101 + 1128. Suppose 7*a = 9*a - r. Is a a prime number?
False
Let t(v) = 8*v - 2. Let m = 8 + -3. Let b be t(m). Let c = b - 24. Is c prime?
False
Let j(p) = -10*p + 6. Let r be j(-6). Suppose u = x - 2*x + 28, -5*x + 24 = u. Let c = r + u. Is c composite?
True
Let h(l) = -6*l + 1. Let g be h(-4). Suppose n = -2*b - 2 - 2, -4*b = n + 8. Let p = b + g. Is p a composite number?
False
Suppose 107 = k - 410. Is k prime?
False
Let t(x) = x**2 - 17. Is t(8) prime?
True
Suppose -40 = 8*n - 13*n. Let g(w) = 12*w**2 + 7*w + 15. Is g(n) prime?
True
Suppose 4*d = 5*g - 11007, -3*g + 6611 = -2*d + 3*d. Is g a prime number?
True
Let m(w) = 0*w + 2*w - 3 + 76*w**2 - 4*w + 2. Let g = 0 - 1. Is m(g) composite?
True
Let g(q) = 45*q - 1. Suppose h + 3*h = -20. Let x = 7 + h. Is g(x) composite?
False
Let k be 10/(-15)*(-831)/2. Let g = 570 - k. Is g prime?
True
Suppose 4 = 2*x, 5*x = 3*a + a - 1222. Is a + (-1 - 0) + 0 a prime number?
True
Let w(i) be the second derivative of i**4/4 + 2*i**3/3 - i**2 + 6*i. Is w(-5) a composite number?
False
Let l = -729 + 1358. Is l prime?
False
Let z be (281/(-2))/((-1)/2). Let r = -27 + z. Suppose n = 3*n - r. Is n composite?
False
Let c be 1/(-2) + 494/4. Suppose 0 = u - c - 263. Suppose 8*o - 3*o = -r + u, o = r + 76. Is o composite?
True
Is (-9944)/(-11) + (0 + 1 - -2) composite?
False
Let o(k) = -k**2 + 11*k - 13. Let s be o(9). Is (2/5)/(s/1325) a composite number?
True
Suppose n - 3035 = z, -n = 3*n + 4*z - 12156. Is n composite?
False
Let f = 3812 + -2689. Is f prime?
True
Let k(w) = -190*w**3 + 3*w**2 + 4*w + 2. Is k(-1) prime?
True
Let f be (-14)/63 + 29/9. Suppose 0 = f*h - 4 + 13, -2*h = -3*u + 45. Is u a prime number?
True
Let h(i) = i**2 + 14*i + 4. Let u be h(-14). Suppose u*r - 2*r = 62. Is r a composite number?
False
Let b = 941 - 654. Suppose b + 1368 = 5*d. Is d prime?
True
Let x(r) be the first derivative of -r**4/2 + 2*r**3/3 + 3*r - 3. Is x(-4) a prime number?
True
Suppose 2*o - 3*n = 0, 0 = -3*o - 4*n - 0*n + 17. Suppose -29 = -o*t - 4*u, -u - 49 = -2*t - t. Is t composite?
True
Let n(t) = 3*t**3 - 2*t**2 + 2*t + 2. Let g be 4 + (-2 + 1)*1. Let w(z) = z**3 - 4*z**2 + 3*z + 2. Let o be w(g). Is n(o) a prime number?
False
Let h = -11 - -14. Let c = h + 52. Is c a composite number?
True
Let w(k) = 10*k**2 + 4. Is w(-5) a composite number?
True
Suppose 313 = -2*k + 945. Suppose 3*a + k = 7*a. Is a composite?
False
Suppose -12 = -q - l + 14, -5*q + 130 = -l. Suppose p + 7 = 3*z - 16, 4*z - 27 = p. Let f = p + q. Is f a composite number?
True
Let i(u) = 0 - 6 + 3 - u. Let h be i(-7). Let n = 19 + h. Is n a prime number?
True
Let s = -6 + 11. Suppose -y + 893 = s*m, -4*m - 17 = 2*y - 729. Is m prime?
True
Suppose -3*a = a + d - 1161, -2*a - 4*d = -598. Let f = 582 - a. Is f prime?
True
Is 12/(-24) + 2955/2 prime?
False
Let s be (4/2)/((-2)/1). Let n be ((-1)/s)/((-2)/(-40)). Suppose -2*x - 34 = -3*i + 61, 3*x + n = i. Is i composite?
True
Let f(r) be the second derivative of r**5/20 + 5*r**4/12 + r**3/2 + r**2 - r. Let b(t) = -t**2 - 8*t - 4. Let i be b(-8). Is f(i) composite?
True
Let x = 576 - 285. Is x a prime number?
False
Suppose -2*j = 3*h + 40 - 297, -j = -2*h + 183. Is h a composite number?
False
Let h(g) = 4*g**2 + 4*g + 5. Let t(r) = r**3 + 8*r**2 - 8*r + 5. Let f be t(-9). Is h(f) a composite number?
False
Suppose -2*o = 2*l - 6*l + 10, 8 = -4*o + 5*l. Let k be -26*-2*o/6. Suppose -2*a + k = -4. Is a a prime number?
False
Let u(y) = -y**3 - 6*y**2 + 6*y - 6. Let p be u(-7). Suppose v = p + 2. Is 139/v + 2/(-6) prime?
False
Suppose -2*i - 4 = 4*c + 2, 25 = -4*i + 5*c. Let z(x) = -8*x - 7. Is z(i) a composite number?
True
Let b(c) = -c**3 - 11*c**2 - 4*c + 43. Is b(-16) composite?
True
Let s = -4 + 4. Suppose s = h + h - 6. Suppose 2*y - 58 = -4*b, 6*b - h*y - 56 = b. Is b prime?
True
Is (2/(-2))/((-1)/1757) composite?
True
Suppose 5*u + 10 = -5*r, 5*r = 2*r + u + 10. Suppose 0 = -r*d + d - 9. Let a = -3 - d. Is a a composite number?
True
Suppose 5*r - 6394 - 5593 = -3*t, -t - 2*r = -3997. Is t a composite number?
False
Let r = 346 + 61. Is r composite?
True
Suppose 4*b - 216 - 140 = 0. Is b composite?
False
Let w be -4 + ((-5)/(-1))/1. Is (6/(-24))/(w/(-188)) composite?
False
Suppose 3*o - 4*o + 120 = 0. Let k = o - 46. Is k composite?
True
Suppose 4*u + 28 = 4*h, 0*h - 11 = 3*u - h. Let j = 0 + u. Is ((-187)/j)/((-1)/(-2)) prime?
False
Let n = 1913 - 1362. Is n a composite number?
True
Let l be 46 - (1 - 1)/(-4). Is 15/2*l/3 prime?
False
Let f(g) = g**2 - 3*g - 1. Let o(a) = -a - 11. Let y be o(-9). Is f(y) prime?
False
Let d(b) = -b**3 - b**2 + 1069. Is d(0) composite?
False
Let k(c) = -4209*c - 8. Is k(-1) a prime number?
True
Suppose -3123 = -3*m - 3*p, -m + 0*m + 2*p + 1038 = 0. Suppose 5*s = -5*t + m, 2*t - 2*s - 802 = -2*t. Is t a composite number?
True
Let a = -4 + -2. Let r be (260/a)/(2/(-3)). Let g = r - -20. Is g composite?
True
Let h = 12 - 19. Let a(p) = -p**3 - 6*p**2 - 5*p - 5. Is a(h) a prime number?
True
Let y = 24 - 13. Is y a composite number?
False
Let q(v) be the third derivative of -v**6/60 + v**3/6 + 9*v**2. Is q(-3) prime?
False
Let b(k) be the second derivative of k**4/4 - k**3/6 + 3*k**2/2 + k. Is b(2) a composite number?
False
Let h(a) = 21*a**2 + 5*a + 3. Is h(-2) a prime number?
False
Let h = 75 - -38. Is h composite?
False
Let w(p) = -p + 104. Let y be w(0). Let c = y + 153. Is c a composite number?
False
Suppose 4*t + 1 = 9. Is t/(-8) - 522/(-8) prime?
False
Let x = 2 - 2. Suppose -4*s + 3*s + 4 = x. Let w(r) = 4*r - 6. Is w(s) composite?
True
Let g = -1300 + 3399. Is g composite?
False
Is (1 + (-10)/6)*2874/(-4) prime?
True
Let k be 14*(3 + (-10)/4). Let c(i) = 4*i**2 - 7*i + 10. Is c(k) a composite number?
False
Let x = -13 + 18. Suppose x*n = -4*v - v + 360, -2*v = 5*n - 348. Suppose n = u + 9. Is u prime?
True
Suppose 3*g = 3*o - 40 - 23, -5*o - g + 123 = 0. Let y be -2*(-5 - (-9)/3). Is ((-2)/y)/((-2)/o) a prime number?
False
Suppose 0 = -r + 4*c + c + 389, -4*r + 3*c = -1522. Is r a composite number?
False
Let n = -56 + 935. Is n composite?
True
Suppose 5*m + 336 = 2*m. Let a = 232 + m. Suppose -3*f = 3*x - a, 4*f + 136 = 2*x + 2*x. Is x composite?
False
Suppose -5*c + p + 3*p + 875 = 0, 5*c = 3*p + 875. Let z = 393 - c. Is z prime?
False
Let n be (-32)/(-14) - 2/7. Let v be -68*(-1 - n - -1). Let x = v - 71. Is x a composite number?
True
Let l(i) be the first derivative of -i**4/4 - i**3 - i**2/2 + 3*i - 1. Let n(g) = -g**2 + 5*g + 3. Let v be n(6). Is l(v) a prime number?
False
Let m(l) = 32*l**2 + 1. Is m(-1) a prime number?
False
Let l be 43/9 + 2/9. Is (-212)/(-10) + (-1)/l a composite number?
True
Suppose 8*b + 24 = 144. Is b composite?
True
Let q(n) = n - 3. Let o be q(6). Suppose 2*d - o*d + 139 = 0. Is d prime?
True
Suppose 354 = -0*r + 6*r. Is r composite?
False
Suppose 3*r = -3*d + 5712, 0 = 4*r - 0*d + 2*d - 7614. Is r prime?
False
Suppose 4*n = -5*k + 32, 3*k - 3 = 3*n - 0. Let a(v) = -v**2 + 5*v - 2. Let g be a(k). Is ((-4)/3)/(g/(-3)) a composite number?
False
Suppose -3*y - 5*a 